culate h(-2).
-29
Let h(b) = 370*b - 1823. Determine h(5).
27
Let a(w) = 1733*w + 1757. Determine a(-1).
24
Let g(a) = -a**3 - 18*a**2 + 27*a + 17. Determine g(-19).
-135
Let p(s) = 2*s**2 - 26*s + 67. Determine p(6).
-17
Let x(u) = -294*u - 19725. What is x(-67)?
-27
Let f(r) = -38*r**2 - 29*r - 40. Calculate f(-1).
-49
Let d(j) = 7*j**3 - 81*j**2 - 40*j + 39. Give d(12).
-9
Let r(z) = -365*z**3 + 2*z - 2. Calculate r(1).
-365
Let r(x) = x**3 + 15*x**2 + 4*x + 67. Give r(-16).
-253
Let q(y) = -45*y - 945. Calculate q(-18).
-135
Let s(x) = 74*x - 257. Calculate s(4).
39
Let u(k) = k**2 + 7*k + 84. Determine u(-9).
102
Let a(z) = -3*z + 18. Calculate a(-14).
60
Let r(p) = p**3 + 28*p**2 + 57*p + 109. Give r(-26).
-21
Let x(a) = -a**3 - 15*a**2 + 13*a + 158. Determine x(-15).
-37
Let d(p) = -7*p - 26. Determine d(-5).
9
Let y(x) = -2*x**2 + 859*x + 8807. Determine y(-10).
17
Let t(g) = -g**3 - 70*g**2 - 58*g + 783. Calculate t(-69).
24
Let y(j) = -j**2 + 61*j + 244. Give y(63).
118
Let f(r) = 2*r**2 - 47*r - 36. Give f(18).
-234
Let h(m) = 15*m**2 - 17*m + 26. Determine h(0).
26
Let h(c) = -c**2 - 25*c - 88. Determine h(-20).
12
Let l(f) = -8*f**3 + 618*f - 617. Give l(1).
-7
Let q(x) = 168*x**3 - x**2 + 2. Determine q(-1).
-167
Let p(h) = -5*h**2 - 86*h - 308. What is p(-11)?
33
Let g(p) = 1279*p**2 + 31*p + 33. Calculate g(-1).
1281
Let b(f) = -295*f - 1125. Calculate b(-5).
350
Let i(s) = 24*s + 43. Calculate i(-10).
-197
Let y(n) = n**2 + 22*n + 90. Calculate y(-10).
-30
Let n(f) = 346*f + 3058. Calculate n(-11).
-748
Let t(v) = 2*v**3 + 2*v**2 - v + 205. Calculate t(0).
205
Let k(m) = -5*m**3 + 38*m**2 + 29*m - 27. What is k(8)?
77
Let g(d) = 15*d**2 + 17*d - 18. Give g(1).
14
Let d(g) = 2*g**3 + 108*g**2 + 8. Give d(-54).
8
Let u(x) = 218*x - 410. Determine u(2).
26
Let m(h) = h**2 + 31*h + 72. Give m(-13).
-162
Let h(s) = 2*s**3 + 522*s**2 - 514*s + 2618. Determine h(-262).
-2
Let u(w) = 16*w + 273. What is u(-17)?
1
Let n(t) = -2*t**2 + 91*t + 659. What is n(52)?
-17
Let o(q) = -12*q + 233. Calculate o(15).
53
Let w(h) = 635*h + 3183. Determine w(-5).
8
Let s(j) = -j**3 + 7*j**2 + 11*j + 6. Give s(-1).
3
Let f(b) = 3*b**3 - 18*b**2 - 14*b + 51. What is f(6)?
-33
Let r(o) = 217*o + 3681. What is r(-17)?
-8
Let a(v) = -v**3 - 13*v**2 + 11*v + 319. Give a(-6).
1
Let m(t) = 10*t**2 - 17*t - 117. Give m(4).
-25
Let f(i) = -473*i**3 + 29*i**2 + 27*i - 3. Give f(-1).
472
Let a(i) = 4*i**2 - 9*i - 63. Give a(9).
180
Let r(m) = 2*m**3 - 117*m**2 + 53*m + 198. Calculate r(58).
-92
Let b(y) = -5*y**2 - 246*y + 1622. Calculate b(6).
-34
Let a(x) = x**3 - 12*x**2 - 23*x + 24. What is a(14)?
94
Let y(g) = 443*g - 275. Calculate y(1).
168
Let t(p) = 13*p**2 - 423*p + 103. What is t(32)?
-121
Let r(v) = 2*v**2 - v + 199. Give r(0).
199
Let p(b) = -6*b**2 + 50*b - 172. Determine p(4).
-68
Let u(t) = -65*t - 4. Calculate u(2).
-134
Let u(t) = -2*t**3 - 3*t**2 + 16*t + 4. Give u(2).
8
Let v(r) = -83*r + 25. Calculate v(-1).
108
Let w(v) = -2*v**2 + 20*v - 62. Determine w(20).
-462
Let o(k) = -4217*k - 25302. Give o(-6).
0
Let t(p) = -2219*p - 11105. Give t(-5).
-10
Let b(w) = -w**3 - 34*w**2 + 43*w + 306. Calculate b(-35).
26
Let z(u) = 12*u**3 - 20*u**2 + 20*u - 1. Give z(1).
11
Let k(l) = l**2 - 28*l - 4764. Determine k(84).
-60
Let k(f) = 11*f**2 + 84*f + 17. Determine k(-7).
-32
Let x(i) = i**3 + 11*i**2 - 26*i - 204. Determine x(-13).
-204
Let m(s) = 329*s + 12829. What is m(-39)?
-2
Let l(w) = -536*w + 2629. Calculate l(5).
-51
Let g(w) = -w**2 + 27*w - 40. Calculate g(25).
10
Let z(f) = 9*f**2 - 156*f - 44. Give z(18).
64
Let r(w) = -w**3 + 12*w**2 + 30*w - 41. What is r(13)?
180
Let g(l) = 11*l**3 + 48*l**2 - 32*l - 6. Give g(-5).
-21
Let s(r) = 400*r - 16408. Give s(41).
-8
Let v(n) = n**2 + 145*n + 2869. Determine v(-24).
-35
Let o(h) = h**2 + 91*h + 1883. Calculate o(-59).
-5
Let l(w) = -w**3 - 18*w**2 - 32*w. Calculate l(-16).
0
Let v(m) = -94*m + 254. What is v(0)?
254
Let j(y) = y**2 + 9*y - 632. What is j(21)?
-2
Let x(v) = v**3 - 72*v**2 - 1950*v - 282. What is x(93)?
-3
Let d(u) = -u**3 - 43*u**2 - 53*u - 473. Determine d(-42).
-11
Let w(v) = -3*v**2 - 10*v + 88. What is w(7)?
-129
Let w(r) = -r**3 - 7*r**2 - 100*r - 272. What is w(-3)?
-8
Let c(u) = 2*u**3 - 254*u**2 - 260*u + 504. Calculate c(128).
-8
Let r(s) = -14*s**3 - 6*s**2 - 4*s + 419. What is r(0)?
419
Let c(o) = 290*o + 301. What is c(-1)?
11
Let j(x) = -x**2 - 55*x + 2034. Determine j(-81).
-72
Let z(c) = -c**3 + 35*c**2 - 298*c - 147. Give z(17).
-11
Let d(g) = g**2 - 6*g - 14. What is d(6)?
-14
Let s(g) = 147*g**2 - 34*g - 35. Give s(-1).
146
Let c(o) = 2*o**3 - 34*o**2 - 27*o + 854. What is c(16)?
-90
Let g(j) = -2*j**3 - 158*j**2 - 737*j + 213. Determine g(-74).
-9
Let r(g) = -84*g + 1111. Calculate r(13).
19
Let y(o) = 2*o + 128. What is y(-4)?
120
Let r(y) = -y**3 - 42*y**2 - 181*y + 16. Give r(-5).
-4
Let p(c) = 33*c - 279. Calculate p(9).
18
Let f(x) = 2*x**2 + 45*x + 5. What is f(-23)?
28
Let m(j) = -4*j**3 - 40*j**2 - 100*j - 16. Determine m(-6).
8
Let l(r) = 705*r - 634. Calculate l(1).
71
Let i(x) = -2*x**3 - 26*x**2 - 9*x - 79. Give i(-13).
38
Let v(d) = -d**3 - 18*d**2 + 41*d + 1. What is v(3)?
-65
Let n(p) = -19412*p - 116472. Determine n(-6).
0
Let m(y) = -21*y + 1844. Give m(87).
17
Let u(i) = -365*i - 12757. Calculate u(-35).
18
Let t(b) = b**2 - 7*b - 51. Give t(0).
-51
Let l(t) = 23*t**2 - 27*t + 27. Determine l(1).
23
Let w(h) = -h**3 + 29*h**2 - 38*h + 354. Calculate w(28).
74
Let j(m) = 2*m**3 - 83*m**2 + 39*m + 40. Calculate j(41).
-42
Let u(i) = 2*i**3 + 37*i**2 - 580*i + 3. What is u(10)?
-97
Let b(y) = -y**3 - 83*y**2 - 609*y - 675. Determine b(-75).
0
Let h(p) = 27*p + 826. What is h(-32)?
-38
Let u(c) = -c**3 - 83*c**2 - 788*c + 316. What is u(-72)?
28
Let c(b) = b**2 - 104*b + 2293. Determine c(32).
-11
Let v(l) = l**3 + 10*l**2 - 2*l - 28. Give v(-10).
-8
Let k(m) = -2*m**2 - 567*m - 3601. Calculate k(-277).
0
Let s(b) = 2*b**2 - 32*b + 225. What is s(6)?
105
Let s(j) = -197*j + 47471. Calculate s(241).
-6
Let i(d) = -d**3 - 18*d**2 - 40*d + 90. What is i(-15)?
15
Let l(v) = 5*v**2 + 44*v + 7. Calculate l(-7).
-56
Let m(c) = -24*c**2 - 766*c + 58. What is m(-32)?
-6
Let p(k) = 20*k + 318. What is p(-8)?
158
Let c(y) = -55*y + 932. Give c(25).
-443
Let h(k) = -16*k - 301. Calculate h(-23).
67
Let a(f) = 11*f - 267. Calculate a(28).
41
Let z(a) = a**3 + a**2 + 11*a + 28. What is z(0)?
28
Let p(z) = -3*z**3 - 55*z**2 + 42*z + 25. Calculate p(-19).
-51
Let n(z) = -59*z**2 + 767*z + 17. What is n(13)?
17
Let x(g) = -56*g - 2068. What is x(-37)?
4
Let w(c) = 2*c**2 - 57*c + 87. What is w(26)?
-43
Let i(y) = 3*y**3 + 224*y**2 + 157*y + 667. What is i(-74)?
1
Let i(c) = -2*c**3 - c**2 - 4*c + 141. Calculate i(0).
141
Let t(x) = 14*x - 85. What is t(11)?
69
Let p(b) = -135*b - 275. Calculate p(-6).
535
Let x(d) = -341*d + 2733. Determine x(8).
5
Let i(a) = 33*a**2 + 40*a + 51. Calculate i(-2).
103
Let l(b) = -b**3 - 14*b**2 + 36*b + 115. What is l(-16)?
51
Let v(i) = -i**2 - 79*i - 893. Calculate v(-14).
17
Let s(a) = a**3 - 24*a**2 + 130*a - 20. Determine s(16).
12
Let n(l) = l**3 + 15*l**2 + 54*l - 24. Calculate n(-7).
-10
Let w(h) = 199*h - 43. Calculate w(1).
156
Let t(c) = 558*c - 15634. Calculate t(28).
-10
Let f(d) = 2*d**3 + 150*d**2 + 823*d - 338. Calculate f(-69).
7
Let v(d) = d**3 - 16*d**2 + 8*d - 46. Determine v(15).
-151
Let y(t) = 4*t**2 - 139*t - 64. Determine y(35).
-29
Let x(r) = -r**3 + 131*r**2 + 161*r - 3799. Calculate x(132).
29
Let c(t) = -6*t + 174. What is c(35)?
-36
Let g(k) = -28*k - 317. Give g(-13).
47
Let m(g) = -4*g**2 - 48*g + 344. Determine m(6).
-88
Let i(r) = 39*r - 473. Give i(40).
1087
Let v(u) = -37*u**2 + 308*u - 85. What is v(8)?
11
Let w(p) = -p**2 + 9*p + 324. Give w(20).
104
Let o(b) = -b**2 - 10*b - 27. Give o(-14).
-83
Let d(a) = 5*a**2 - 55*a - 114. Give d(12).
-54
Let s(x) = -x**2 - 21*x - 100. What is s(-6)?
-10
Let f(o) = 2017*o**2 + 18151*o - 17. What is f(-9)?
1
Let y(n) = -10*n - 519. Determine y(-52).
1
Let z(y) = -8*y**2 - 139*y - 23. Calculate z(-18).
-113
Let y(n) = -55*n**2 - 234*n - 61. Calculate y(-4).
-5
Let b(v) = 2*v**2 - 4*v - 48. Determine b(16).
400
Let i(h) = -30*h - 328. Give i(-33).
6